{"id":8,"date":"2025-04-24T20:09:04","date_gmt":"2025-04-24T18:09:04","guid":{"rendered":"https:\/\/permisbateauxredon.bzh\/index.php\/home\/"},"modified":"2025-11-26T12:17:05","modified_gmt":"2025-11-26T11:17:05","slug":"home","status":"publish","type":"page","link":"https:\/\/permisbateauxredon.bzh\/","title":{"rendered":"Bateau-\u00e9cole de Redon"},"content":{"rendered":"\n<p class=\"has-x-large-font-size\"><strong>PERMIS BATEAU <\/strong><\/p>\n\n\n\n<p class=\"has-text-align-center has-x-large-font-size\"><strong>C\u00d4TIER, HAUTURIER ET FLUVIAL<\/strong><\/p>\n\n\n\n<div class=\"wp-block-media-text is-stacked-on-mobile\"><figure class=\"wp-block-media-text__media\"><img loading=\"lazy\" decoding=\"async\" width=\"768\" height=\"1024\" src=\"http:\/\/permisbateauxredon.bzh\/wp-content\/uploads\/2025\/10\/IMG_7522-768x1024.jpeg\" alt=\"\" class=\"wp-image-263 size-full\" srcset=\"https:\/\/permisbateauxredon.bzh\/wp-content\/uploads\/2025\/10\/IMG_7522-768x1024.jpeg 768w, https:\/\/permisbateauxredon.bzh\/wp-content\/uploads\/2025\/10\/IMG_7522-225x300.jpeg 225w, https:\/\/permisbateauxredon.bzh\/wp-content\/uploads\/2025\/10\/IMG_7522-1152x1536.jpeg 1152w, https:\/\/permisbateauxredon.bzh\/wp-content\/uploads\/2025\/10\/IMG_7522-1536x2048.jpeg 1536w, https:\/\/permisbateauxredon.bzh\/wp-content\/uploads\/2025\/10\/IMG_7522-scaled.jpeg 1920w\" sizes=\"auto, (max-width: 768px) 100vw, 768px\" \/><\/figure><div class=\"wp-block-media-text__content\">\n<p>Naviguer a toujours \u00e9t\u00e9 pour moi synonyme de plaisir, de d\u00e9couverte, et d&rsquo;\u00e9merveillement. (et d&rsquo;ap\u00e9ro !)<\/p>\n\n\n\n<p>Moniteur du <strong>Bateau-\u00e9cole de Redon<\/strong>, je navigue en plaisance depuis plus de 35 ans, d&rsquo;abord sur les fleuves et canaux de France, puis sur les mers et les \u00eeles sous diverses latitudes. Ma promesse est de vous accompagner personnellement jusqu&rsquo;\u00e0 la r\u00e9ussite de votre permis, <a href=\"https:\/\/permisbateauxredon.bzh\/index.php\/permis-fluvial\/\" data-type=\"page\" data-id=\"22\">fluvial<\/a>, <a href=\"https:\/\/permisbateauxredon.bzh\/index.php\/permis-cotier\/\" data-type=\"page\" data-id=\"18\">c\u00f4tier<\/a> ou <a href=\"https:\/\/permisbateauxredon.bzh\/index.php\/permis-hauturier\/\" data-type=\"page\" data-id=\"20\">hauturier<\/a>.<\/p>\n<\/div><\/div>\n\n\n\n<p>Mais acc\u00e9der \u00e0 un milieu qui n&rsquo;est pas naturellement le notre comporte certains risques, et le futur capitaine que vous \u00eates doit \u00eatre pr\u00e9par\u00e9 \u00e0 assurer la s\u00e9curit\u00e9 du navire, de son \u00e9quipage et des autres usagers &#8230; D\u00e9butant ou confirm\u00e9, c&rsquo;est l&rsquo;esprit du partage de ma passion de la nav sur l&rsquo;eau douce comme sal\u00e9e qui m&rsquo;anime.<\/p>\n\n\n\n<p><strong>UNE CONCEPTION DU PERMIS BATEAU<\/strong><\/p>\n\n\n\n<div class=\"wp-block-media-text alignfull has-media-on-the-right is-stacked-on-mobile is-vertically-aligned-top\" style=\"grid-template-columns:auto 38%\"><div class=\"wp-block-media-text__content\">\n<p>La qualit\u00e9 du relationnel, le suivi individuel et l&rsquo;accompagnement sont ma marque de fabrique. Chez moi on privil\u00e9gie la qualit\u00e9 \u00e0 la quantit\u00e9, alliant le c\u00f4t\u00e9 \u00ab\u00a0pro\u00a0\u00bb n\u00e9cessaire \u00e0 l&rsquo;ambiance d\u00e9tendue indispensable.<\/p>\n<\/div><figure class=\"wp-block-media-text__media\"><img loading=\"lazy\" decoding=\"async\" width=\"1024\" height=\"576\" src=\"http:\/\/permisbateauxredon.bzh\/wp-content\/uploads\/2025\/10\/687E8FF9-90B3-4226-8AE5-6DAFD76C3BE4-1024x576.jpeg\" alt=\"\" class=\"wp-image-262 size-full\" srcset=\"https:\/\/permisbateauxredon.bzh\/wp-content\/uploads\/2025\/10\/687E8FF9-90B3-4226-8AE5-6DAFD76C3BE4-1024x576.jpeg 1024w, https:\/\/permisbateauxredon.bzh\/wp-content\/uploads\/2025\/10\/687E8FF9-90B3-4226-8AE5-6DAFD76C3BE4-300x169.jpeg 300w, https:\/\/permisbateauxredon.bzh\/wp-content\/uploads\/2025\/10\/687E8FF9-90B3-4226-8AE5-6DAFD76C3BE4-768x432.jpeg 768w, https:\/\/permisbateauxredon.bzh\/wp-content\/uploads\/2025\/10\/687E8FF9-90B3-4226-8AE5-6DAFD76C3BE4-1536x865.jpeg 1536w, https:\/\/permisbateauxredon.bzh\/wp-content\/uploads\/2025\/10\/687E8FF9-90B3-4226-8AE5-6DAFD76C3BE4-2048x1153.jpeg 2048w\" sizes=\"auto, (max-width: 1024px) 100vw, 1024px\" \/><\/figure><\/div>\n\n\n\n<div class=\"wp-block-media-text is-stacked-on-mobile is-vertically-aligned-top\"><figure class=\"wp-block-media-text__media\"><img loading=\"lazy\" decoding=\"async\" width=\"1024\" height=\"768\" src=\"https:\/\/permisbateauxredon.bzh\/wp-content\/uploads\/2025\/10\/IMG_3287-1-1024x768.jpeg\" alt=\"\" class=\"wp-image-268 size-full\" srcset=\"https:\/\/permisbateauxredon.bzh\/wp-content\/uploads\/2025\/10\/IMG_3287-1-1024x768.jpeg 1024w, https:\/\/permisbateauxredon.bzh\/wp-content\/uploads\/2025\/10\/IMG_3287-1-300x225.jpeg 300w, https:\/\/permisbateauxredon.bzh\/wp-content\/uploads\/2025\/10\/IMG_3287-1-768x576.jpeg 768w, https:\/\/permisbateauxredon.bzh\/wp-content\/uploads\/2025\/10\/IMG_3287-1-1536x1152.jpeg 1536w, https:\/\/permisbateauxredon.bzh\/wp-content\/uploads\/2025\/10\/IMG_3287-1-2048x1536.jpeg 2048w\" sizes=\"auto, (max-width: 1024px) 100vw, 1024px\" \/><\/figure><div class=\"wp-block-media-text__content\">\n<p>A bord, vous piloterez r\u00e9ellement pendant 2 heures (je ne touche pas \u00e0 la barre !) C&rsquo;est un minimum pour apprendre \u00e0 ex\u00e9cuter les manoeuvres de base \u00e9l\u00e9gamment et devenir seul ma\u00eetre \u00e0 bord (apr\u00e8s qui-vous-savez) sans m\u00eame s&rsquo;en apercevoir.<\/p>\n<\/div><\/div>\n\n\n\n<div class=\"wp-block-media-text has-media-on-the-right is-stacked-on-mobile\"><div class=\"wp-block-media-text__content\">\n<p>Mon fier navire, le <strong>PADAWAN<\/strong>, <span style=\"font-size: revert; font-family: var(--wp--preset--font-family--system-font);\">est un Quicksilver 580, timonier \u00e0 moteur hors-bord de 80 CV, qui vous fera appr\u00e9cier la manoeuvre bien faite, \u00e9t\u00e9 comme hiver.<\/span> Vous pouvez le voir sur le ponton devant la capitainerie du <a href=\"https:\/\/port-redon.com\">port de Redon<\/a>. (un grand merci au port de Redon et a l&rsquo;\u00e9quipe qui l&rsquo;anime pour leur excellent accueil)<\/p>\n<\/div><figure class=\"wp-block-media-text__media\"><img loading=\"lazy\" decoding=\"async\" width=\"1024\" height=\"768\" src=\"http:\/\/permisbateauxredon.bzh\/wp-content\/uploads\/2025\/09\/IMG_5416-1024x768.jpg\" alt=\"\" class=\"wp-image-250 size-full\" srcset=\"https:\/\/permisbateauxredon.bzh\/wp-content\/uploads\/2025\/09\/IMG_5416-1024x768.jpg 1024w, https:\/\/permisbateauxredon.bzh\/wp-content\/uploads\/2025\/09\/IMG_5416-300x225.jpg 300w, https:\/\/permisbateauxredon.bzh\/wp-content\/uploads\/2025\/09\/IMG_5416-768x576.jpg 768w, https:\/\/permisbateauxredon.bzh\/wp-content\/uploads\/2025\/09\/IMG_5416-1536x1152.jpg 1536w, https:\/\/permisbateauxredon.bzh\/wp-content\/uploads\/2025\/09\/IMG_5416-2048x1536.jpg 2048w\" sizes=\"auto, (max-width: 1024px) 100vw, 1024px\" \/><\/figure><\/div>\n\n\n\n<p><\/p>\n\n\n\n<p><strong><a href=\"https:\/\/permisbateauxredon.bzh\/index.php\/coaching\/\" data-type=\"page\" data-id=\"26\">COACHING<\/a> NAUTIQUE, MISE A JOUR ET PERFECTIONNEMENT<\/strong><\/p>\n\n\n\n<p>Pour reprendre la barre apr\u00e8s des ann\u00e9es sans naviguer, dans un contexte rassurant, retrouver les bons r\u00e9flexes, se mettre \u00e0 niveau c\u00f4t\u00e9 r\u00e9glementation et profiter sereinement de votre permis.<\/p>\n\n\n\n<hr class=\"wp-block-separator has-alpha-channel-opacity\"\/>\n\n\n\n<div class=\"wp-block-buttons is-content-justification-center is-layout-flex wp-container-core-buttons-is-layout-a89b3969 wp-block-buttons-is-layout-flex\">\n<div class=\"wp-block-button is-style-outline is-style-outline--1\"><a class=\"wp-block-button__link wp-element-button\" href=\"tel:+33614078788\" rel=\"nofollow\">nous appeler<\/a><\/div>\n\n\n\n<div class=\"wp-block-button is-style-outline is-style-outline--2\"><a class=\"wp-block-button__link wp-element-button\" href=\"mailto:info@permisbateauxredon.bzh\">nous \u00e9crire un mail<\/a><\/div>\n<\/div>\n\n\n\n<p class=\"has-text-align-center has-cyan-bluish-gray-background-color has-background has-large-font-size\"><a href=\"https:\/\/permisbateauxredon.bzh\/index.php\/nos-tarifs\/\" data-type=\"page\" data-id=\"209\">Nos tarifs<\/a><\/p>\n\n\n\n<p class=\"has-large-font-size\"><\/p>\n\n\n\n<p><\/p>\n","protected":false},"excerpt":{"rendered":"<p>PERMIS BATEAU C\u00d4TIER, HAUTURIER ET FLUVIAL Naviguer a toujours \u00e9t\u00e9 pour moi synonyme de plaisir, de d\u00e9couverte, et d&rsquo;\u00e9merveillement. (et d&rsquo;ap\u00e9ro !) Moniteur du Bateau-\u00e9cole de Redon, je navigue en plaisance depuis plus de 35 ans, d&rsquo;abord sur les fleuves et canaux de France, puis sur les mers et les \u00eeles sous diverses latitudes. Ma [&hellip;]<\/p>\n","protected":false},"author":1,"featured_media":137,"parent":0,"menu_order":1,"comment_status":"closed","ping_status":"closed","template":"","meta":{"footnotes":""},"class_list":["post-8","page","type-page","status-publish","has-post-thumbnail","hentry"],"_links":{"self":[{"href":"https:\/\/permisbateauxredon.bzh\/index.php\/wp-json\/wp\/v2\/pages\/8","targetHints":{"allow":["GET"]}}],"collection":[{"href":"https:\/\/permisbateauxredon.bzh\/index.php\/wp-json\/wp\/v2\/pages"}],"about":[{"href":"https:\/\/permisbateauxredon.bzh\/index.php\/wp-json\/wp\/v2\/types\/page"}],"author":[{"embeddable":true,"href":"https:\/\/permisbateauxredon.bzh\/index.php\/wp-json\/wp\/v2\/users\/1"}],"replies":[{"embeddable":true,"href":"https:\/\/permisbateauxredon.bzh\/index.php\/wp-json\/wp\/v2\/comments?post=8"}],"version-history":[{"count":81,"href":"https:\/\/permisbateauxredon.bzh\/index.php\/wp-json\/wp\/v2\/pages\/8\/revisions"}],"predecessor-version":[{"id":413,"href":"https:\/\/permisbateauxredon.bzh\/index.php\/wp-json\/wp\/v2\/pages\/8\/revisions\/413"}],"wp:featuredmedia":[{"embeddable":true,"href":"https:\/\/permisbateauxredon.bzh\/index.php\/wp-json\/wp\/v2\/media\/137"}],"wp:attachment":[{"href":"https:\/\/permisbateauxredon.bzh\/index.php\/wp-json\/wp\/v2\/media?parent=8"}],"curies":[{"name":"wp","href":"https:\/\/api.w.org\/{rel}","templated":true}]}}